08.
2, 3, 11, 19
List the prime factors of 1086.
2, 3, 181
What are the prime factors of 4799?
4799
What are the prime factors of 493?
17, 29
List the prime factors of 61845.
3, 5, 7, 19, 31
List the prime factors of 13412.
2, 7, 479
List the prime factors of 4145.
5, 829
List the prime factors of 86971.
29, 2999
List the prime factors of 196.
2, 7
What are the prime factors of 1450?
2, 5, 29
List the prime factors of 88811.
88811
What are the prime factors of 16561?
16561
List the prime factors of 15638.
2, 7, 1117
What are the prime factors of 6769?
7, 967
List the prime factors of 2764.
2, 691
What are the prime factors of 174116?
2, 19, 29, 79
What are the prime factors of 5346?
2, 3, 11
List the prime factors of 739.
739
List the prime factors of 1092.
2, 3, 7, 13
List the prime factors of 1170.
2, 3, 5, 13
List the prime factors of 1055.
5, 211
List the prime factors of 89.
89
List the prime factors of 10411.
29, 359
List the prime factors of 19425.
3, 5, 7, 37
What are the prime factors of 17402?
2, 7, 11, 113
List the prime factors of 85333.
85333
List the prime factors of 2856.
2, 3, 7, 17
List the prime factors of 24552.
2, 3, 11, 31
List the prime factors of 1351.
7, 193
What are the prime factors of 37885?
5, 7577
List the prime factors of 37054.
2, 97, 191
What are the prime factors of 1053?
3, 13
What are the prime factors of 71261?
71261
What are the prime factors of 137115?
3, 5, 11, 277
What are the prime factors of 1288?
2, 7, 23
What are the prime factors of 16830?
2, 3, 5, 11, 17
What are the prime factors of 2009?
7, 41
What are the prime factors of 1011?
3, 337
List the prime factors of 74265.
3, 5, 4951
What are the prime factors of 3335?
5, 23, 29
List the prime factors of 23184.
2, 3, 7, 23
List the prime factors of 6013.
7, 859
List the prime factors of 3744.
2, 3, 13
What are the prime factors of 31969?
7, 4567
List the prime factors of 8610.
2, 3, 5, 7, 41
What are the prime factors of 134474?
2, 71, 947
List the prime factors of 32305.
5, 7, 13, 71
What are the prime factors of 18936?
2, 3, 263
List the prime factors of 56784.
2, 3, 7, 13
What are the prime factors of 6942?
2, 3, 13, 89
What are the prime factors of 3980?
2, 5, 199
List the prime factors of 178613.
178613
What are the prime factors of 20679?
3, 61, 113
List the prime factors of 54284.
2, 41, 331
List the prime factors of 295.
5, 59
What are the prime factors of 170?
2, 5, 17
What are the prime factors of 8188?
2, 23, 89
List the prime factors of 2962.
2, 1481
List the prime factors of 1867.
1867
What are the prime factors of 1091?
1091
List the prime factors of 87958.
2, 13, 17, 199
List the prime factors of 6608.
2, 7, 59
What are the prime factors of 12237?
3, 4079
What are the prime factors of 373?
373
List the prime factors of 4965.
3, 5, 331
List the prime factors of 82935.
3, 5, 19, 97
What are the prime factors of 103278?
2, 3, 7, 2459
What are the prime factors of 1418?
2, 709
What are the prime factors of 33180?
2, 3, 5, 7, 79
What are the prime factors of 1398?
2, 3, 233
List the prime factors of 55015.
5, 11003
List the prime factors of 19585.
5, 3917
List the prime factors of 14874.
2, 3, 37, 67
List the prime factors of 2527.
7, 19
List the prime factors of 23178.
2, 3, 3863
List the prime factors of 121924.
2, 11, 17, 163
What are the prime factors of 5811?
3, 13, 149
List the prime factors of 55953.
3, 6217
List the prime factors of 5236.
2, 7, 11, 17
What are the prime factors of 2518?
2, 1259
List the prime factors of 680.
2, 5, 17
What are the prime factors of 1315?
5, 263
List the prime factors of 704.
2, 11
What are the prime factors of 2534?
2, 7, 181
List the prime factors of 12097.
12097
What are the prime factors of 15100?
2, 5, 151
What are the prime factors of 1098?
2, 3, 61
List the prime factors of 189258.
2, 3, 31543
What are the prime factors of 162?
2, 3
What are the prime factors of 34774?
2, 17387
List the prime factors of 3354.
2, 3, 13, 43
What are the prime factors of 3569?
43, 83
List the prime factors of 1377.
3, 17
List the prime factors of 5221.
23, 227
What are the prime factors of 2809?
53
What are the prime factors of 11320?
2, 5, 283
List the prime factors of 69829.
69829
List the prime factors of 35994.
2, 3, 7, 857
What are the prime factors of 4882?
2, 2441
List the prime factors of 2503.
2503
What are the prime factors of 6591?
3, 13
List the prime factors of 129554.
2, 211, 307
What are the prime factors of 5313?
3, 7, 11, 23
List the prime factors of 76607.
76607
List the prime factors of 8763.
3, 23, 127
List the prime factors of 49641.
3, 16547
What are the prime factors of 61612?
2, 73, 211
List the prime factors of 23354.
2, 11677
List the prime factors of 356.
2, 89
List the prime factors of 13926.
2, 3, 11, 211
List the prime factors of 1071.
3, 7, 17
What are the prime factors of 820?
2, 5, 41
What are the prime factors of 8981?
7, 1283
List the prime factors of 14369.
14369
List the prime factors of 55806.
2, 3, 71, 131
List the prime factors of 2262.
2, 3, 13, 29
List the prime factors of 1145.
5, 229
List the prime factors of 864.
2, 3
What are the prime factors of 3478?
2, 37, 47
List the prime factors of 64558.
2, 13, 191
What are the prime factors of 12275?
5, 491
List the prime factors of 446.
2, 223
What are the prime factors of 24417?
3, 2713
What are the prime factors of 1485?
3, 5, 11
What are the prime factors of 59967?
3, 2221
What are the prime factors of 708?
2, 3, 59
What are the prime factors of 193?
193
List the prime factors of 21776.
2, 1361
What are the prime factors of 16960?
2, 5, 53
What are the prime factors of 20399?
20399
List the prime factors of 887.
887
List the prime factors of 16051.
7, 2293
List the prime factors of 7627.
29, 263
List the prime factors of 50602.
2, 25301
List the prime factors of 1517.
37, 41
What are the prime factors of 7250?
2, 5, 29
What are the prime factors of 26536?
2, 31, 107
What are the prime factors of 152?
2, 19
List the prime factors of 64217.
64217
List the prime factors of 830.
2, 5, 83
List the prime factors of 783.
3, 29
List the prime factors of 5467.
7, 11, 71
List the prime factors of 116167.
116167
What are the prime factors of 15603?
3, 7, 743
What are the prime factors of 9619?
9619
List the prime factors of 2678.
2, 13, 103
What are the prime factors of 999?
3, 37
List the prime factors of 2855.
5, 571
List the prime factors of 6664.
2, 7, 17
List the prime factors of 4256.
2, 7, 19
List the prime factors of 24169.
24169
List the prime factors of 89392.
2, 37, 151
List the prime factors of 12877.
79, 163
What are the prime factors of 87353?
7, 12479
List the prime factors of 5162.
2, 29, 89
List the prime factors of 2265.
3, 5, 151
List the prime factors of 32589.
3, 17, 71
What are the prime factors of 325?
5, 13
What are the prime factors of 12335?
5, 2467
List the prime factors of 1295.
5, 7, 37
What are the prime factors of 456?
2, 3, 19
List the prime factors of 797.
797
List the prime factors of 81256.
2, 7, 1451
List the prime factors of 70730.
2, 5, 11, 643
What are the prime factors of 2218?
2, 1109
List the prime factors of 17411.
23, 757
List the prime factors of 13722.
2, 3, 2287
What are the prime factors of 17157?
3, 7, 19, 43
List the prime factors of 2335.
5, 467
List the prime factors of 67297.
173, 389
What are the prime factors of 10524?
2, 3, 877
List the prime factors of 13629.
3, 7, 11, 59
List the prime factors of 21252.
2, 3, 7, 11, 23
What are the prime factors of 145223?
13, 11171
List the prime factors of 3311.
7, 11, 43
List the prime factors of 2332.
2, 11, 53
What are the prime factors of 688?
2, 43
What are the prime factors of 90808?
2, 11351
List the prime factors of 5564.
2, 13, 107
List the prime factors of 3827.
43, 89
List the prime factors of 14152.
2, 29, 61
What are the prime factors of 3636?
2, 3, 101
What are the prime factors of 523?
523
List the prime factors of 17671.
41, 431
List the prime factors of 2691.
3, 13, 23
List the prime factors of 25061.
19, 1319
List the prime factors of 6201.
3, 13, 53
List the prime factors of 139.
139
What are the prime factors of 30844?
2, 11, 701
List the prime factors of 141478.
2, 127, 557
What are the prime factors of 8445?
3, 5, 563